{"id":72,"date":"2015-05-27T20:07:35","date_gmt":"2015-05-27T20:07:35","guid":{"rendered":"http:\/\/acltf.org\/wordpressacltf\/2015\/05\/27\/password-reset\/"},"modified":"2015-05-27T22:38:33","modified_gmt":"2015-05-27T20:38:33","slug":"password-reset","status":"publish","type":"page","link":"http:\/\/acltf.org\/wordpressacltf\/password-reset\/","title":{"rendered":"Olvid\u00e9 mi contrase\u00f1a"},"content":{"rendered":"<div class=\"um um-password um-um_password_id\">\n\t<div class=\"um-form\">\n\t\t<form method=\"post\" action=\"\">\n\t\t\t\n\t\t\t\t<input type=\"hidden\" name=\"_um_password_reset\" id=\"_um_password_reset\" value=\"1\" \/>\n\n\t\t\t\t\t\t\t\t\t<div class=\"um-field um-field-block um-field-type_block\">\n\t\t\t\t\t\t<div class=\"um-field-block\">\n\t\t\t\t\t\t\t<div style=\"text-align:center;\">\n\t\t\t\t\t\t\t\tPara restablecer tu contrase\u00f1a, por favor, introduce a continuaci\u00f3n tu direcci\u00f3n de correo electr\u00f3nico o nombre de usuario.\t\t\t\t\t\t\t<\/div>\n\t\t\t\t\t\t<\/div>\n\t\t\t\t\t<\/div>\n\t\t\t\t\t<div  id=\"um_field_0_username_b\" class=\"um-field um-field-text  um-field-username_b um-field-text um-field-type_text\" data-key=\"username_b\"><div class=\"um-field-area\"><input  autocomplete=\"off\" class=\"um-form-field valid \" type=\"text\" name=\"username_b\" id=\"username_b\" value=\"\" placeholder=\"Introduce tu nombre de usuario o correo electr\u00f3nico\" data-validate=\"\" data-key=\"username_b\"  aria-invalid=\"false\" \/>\n\n\t\t\t\t\t\t<\/div><\/div>\t\t\t\t<div class=\"um-col-alt um-col-alt-b\">\n\t\t\t\t\t<div class=\"um-center\">\n\t\t\t\t\t\t<input type=\"submit\" value=\"Restablecer contrase\u00f1a\" class=\"um-button\" id=\"um-submit-btn\" \/>\n\t\t\t\t\t<\/div>\n\t\t\t\t\t<div class=\"um-clear\"><\/div>\n\t\t\t\t<\/div>\n\t\t\t\t\t<input type=\"hidden\" name=\"form_id\" id=\"form_id_um_password_id\" value=\"um_password_id\" \/>\n\t\t<p class=\"um_request_name\">\n\t\t<label for=\"um_request_um_password_id\">Only fill in if you are not human<\/label>\n\t\t<input type=\"hidden\" name=\"um_request\" id=\"um_request_um_password_id\" class=\"input\" value=\"\" size=\"25\" autocomplete=\"off\" \/>\n\t<\/p>\n\t\t\t<\/form>\n\t<\/div>\n<\/div>\n<style>\n\t\t\t.um-um_password_id.um {\n\t\t\tmax-width: 450px;\n\t\t}\n\t\t<\/style>\n\n","protected":false},"excerpt":{"rendered":"","protected":false},"author":1,"featured_media":0,"parent":0,"menu_order":0,"comment_status":"closed","ping_status":"open","template":"","meta":{"jetpack_post_was_ever_published":false},"yoast_head":"<!-- This site is optimized with the Yoast SEO plugin v21.8.1 - https:\/\/yoast.com\/wordpress\/plugins\/seo\/ -->\n<title>Olvid\u00e9 mi contrase\u00f1a - Asociaci\u00f3n Castellano Leonesa de Terapia Familiar<\/title>\n<meta name=\"robots\" content=\"index, follow, max-snippet:-1, max-image-preview:large, max-video-preview:-1\" \/>\n<link rel=\"canonical\" href=\"https:\/\/acltf.org\/wordpressacltf\/password-reset\/\" \/>\n<meta property=\"og:locale\" content=\"es_ES\" \/>\n<meta property=\"og:type\" content=\"article\" \/>\n<meta property=\"og:title\" content=\"Olvid\u00e9 mi contrase\u00f1a - Asociaci\u00f3n Castellano Leonesa de Terapia Familiar\" \/>\n<meta property=\"og:url\" content=\"https:\/\/acltf.org\/wordpressacltf\/password-reset\/\" \/>\n<meta property=\"og:site_name\" content=\"Asociaci\u00f3n Castellano Leonesa de Terapia Familiar\" \/>\n<meta property=\"article:publisher\" content=\"https:\/\/www.facebook.com\/pages\/Asociaci%c3%b3n-Castellano-Leonesa-de-Terapia-Familiar\/820904984647986?fref=ts\" \/>\n<meta property=\"article:modified_time\" content=\"2015-05-27T20:38:33+00:00\" \/>\n<meta name=\"twitter:card\" content=\"summary_large_image\" \/>\n<script type=\"application\/ld+json\" class=\"yoast-schema-graph\">{\"@context\":\"https:\/\/schema.org\",\"@graph\":[{\"@type\":\"WebPage\",\"@id\":\"https:\/\/acltf.org\/wordpressacltf\/password-reset\/\",\"url\":\"https:\/\/acltf.org\/wordpressacltf\/password-reset\/\",\"name\":\"Olvid\u00e9 mi contrase\u00f1a - Asociaci\u00f3n Castellano Leonesa de Terapia Familiar\",\"isPartOf\":{\"@id\":\"http:\/\/acltf.org\/wordpressacltf\/#website\"},\"datePublished\":\"2015-05-27T20:07:35+00:00\",\"dateModified\":\"2015-05-27T20:38:33+00:00\",\"breadcrumb\":{\"@id\":\"https:\/\/acltf.org\/wordpressacltf\/password-reset\/#breadcrumb\"},\"inLanguage\":\"es\",\"potentialAction\":[{\"@type\":\"ReadAction\",\"target\":[\"https:\/\/acltf.org\/wordpressacltf\/password-reset\/\"]}]},{\"@type\":\"BreadcrumbList\",\"@id\":\"https:\/\/acltf.org\/wordpressacltf\/password-reset\/#breadcrumb\",\"itemListElement\":[{\"@type\":\"ListItem\",\"position\":1,\"name\":\"Portada\",\"item\":\"http:\/\/acltf.org\/wordpressacltf\/\"},{\"@type\":\"ListItem\",\"position\":2,\"name\":\"Olvid\u00e9 mi contrase\u00f1a\"}]},{\"@type\":\"WebSite\",\"@id\":\"http:\/\/acltf.org\/wordpressacltf\/#website\",\"url\":\"http:\/\/acltf.org\/wordpressacltf\/\",\"name\":\"Asociaci\u00f3n Castellano Leonesa de Terapia Familiar\",\"description\":\"Asociaci\u00f3n de Terapia Familiar\",\"publisher\":{\"@id\":\"http:\/\/acltf.org\/wordpressacltf\/#organization\"},\"potentialAction\":[{\"@type\":\"SearchAction\",\"target\":{\"@type\":\"EntryPoint\",\"urlTemplate\":\"http:\/\/acltf.org\/wordpressacltf\/?s={search_term_string}\"},\"query-input\":\"required name=search_term_string\"}],\"inLanguage\":\"es\"},{\"@type\":\"Organization\",\"@id\":\"http:\/\/acltf.org\/wordpressacltf\/#organization\",\"name\":\"acltf\",\"url\":\"http:\/\/acltf.org\/wordpressacltf\/\",\"logo\":{\"@type\":\"ImageObject\",\"inLanguage\":\"es\",\"@id\":\"http:\/\/acltf.org\/wordpressacltf\/#\/schema\/logo\/image\/\",\"url\":\"http:\/\/acltf.org\/wordpressacltf\/wp-content\/uploads\/2015\/05\/Logo250.png\",\"contentUrl\":\"http:\/\/acltf.org\/wordpressacltf\/wp-content\/uploads\/2015\/05\/Logo250.png\",\"width\":250,\"height\":250,\"caption\":\"acltf\"},\"image\":{\"@id\":\"http:\/\/acltf.org\/wordpressacltf\/#\/schema\/logo\/image\/\"},\"sameAs\":[\"https:\/\/www.facebook.com\/pages\/Asociaci\u00f3n-Castellano-Leonesa-de-Terapia-Familiar\/820904984647986?fref=ts\"]}]}<\/script>\n<!-- \/ Yoast SEO plugin. -->","yoast_head_json":{"title":"Olvid\u00e9 mi contrase\u00f1a - Asociaci\u00f3n Castellano Leonesa de Terapia Familiar","robots":{"index":"index","follow":"follow","max-snippet":"max-snippet:-1","max-image-preview":"max-image-preview:large","max-video-preview":"max-video-preview:-1"},"canonical":"https:\/\/acltf.org\/wordpressacltf\/password-reset\/","og_locale":"es_ES","og_type":"article","og_title":"Olvid\u00e9 mi contrase\u00f1a - Asociaci\u00f3n Castellano Leonesa de Terapia Familiar","og_url":"https:\/\/acltf.org\/wordpressacltf\/password-reset\/","og_site_name":"Asociaci\u00f3n Castellano Leonesa de Terapia Familiar","article_publisher":"https:\/\/www.facebook.com\/pages\/Asociaci%c3%b3n-Castellano-Leonesa-de-Terapia-Familiar\/820904984647986?fref=ts","article_modified_time":"2015-05-27T20:38:33+00:00","twitter_card":"summary_large_image","schema":{"@context":"https:\/\/schema.org","@graph":[{"@type":"WebPage","@id":"https:\/\/acltf.org\/wordpressacltf\/password-reset\/","url":"https:\/\/acltf.org\/wordpressacltf\/password-reset\/","name":"Olvid\u00e9 mi contrase\u00f1a - Asociaci\u00f3n Castellano Leonesa de Terapia Familiar","isPartOf":{"@id":"http:\/\/acltf.org\/wordpressacltf\/#website"},"datePublished":"2015-05-27T20:07:35+00:00","dateModified":"2015-05-27T20:38:33+00:00","breadcrumb":{"@id":"https:\/\/acltf.org\/wordpressacltf\/password-reset\/#breadcrumb"},"inLanguage":"es","potentialAction":[{"@type":"ReadAction","target":["https:\/\/acltf.org\/wordpressacltf\/password-reset\/"]}]},{"@type":"BreadcrumbList","@id":"https:\/\/acltf.org\/wordpressacltf\/password-reset\/#breadcrumb","itemListElement":[{"@type":"ListItem","position":1,"name":"Portada","item":"http:\/\/acltf.org\/wordpressacltf\/"},{"@type":"ListItem","position":2,"name":"Olvid\u00e9 mi contrase\u00f1a"}]},{"@type":"WebSite","@id":"http:\/\/acltf.org\/wordpressacltf\/#website","url":"http:\/\/acltf.org\/wordpressacltf\/","name":"Asociaci\u00f3n Castellano Leonesa de Terapia Familiar","description":"Asociaci\u00f3n de Terapia Familiar","publisher":{"@id":"http:\/\/acltf.org\/wordpressacltf\/#organization"},"potentialAction":[{"@type":"SearchAction","target":{"@type":"EntryPoint","urlTemplate":"http:\/\/acltf.org\/wordpressacltf\/?s={search_term_string}"},"query-input":"required name=search_term_string"}],"inLanguage":"es"},{"@type":"Organization","@id":"http:\/\/acltf.org\/wordpressacltf\/#organization","name":"acltf","url":"http:\/\/acltf.org\/wordpressacltf\/","logo":{"@type":"ImageObject","inLanguage":"es","@id":"http:\/\/acltf.org\/wordpressacltf\/#\/schema\/logo\/image\/","url":"http:\/\/acltf.org\/wordpressacltf\/wp-content\/uploads\/2015\/05\/Logo250.png","contentUrl":"http:\/\/acltf.org\/wordpressacltf\/wp-content\/uploads\/2015\/05\/Logo250.png","width":250,"height":250,"caption":"acltf"},"image":{"@id":"http:\/\/acltf.org\/wordpressacltf\/#\/schema\/logo\/image\/"},"sameAs":["https:\/\/www.facebook.com\/pages\/Asociaci\u00f3n-Castellano-Leonesa-de-Terapia-Familiar\/820904984647986?fref=ts"]}]}},"jetpack_sharing_enabled":true,"jetpack_shortlink":"https:\/\/wp.me\/P6UE5O-1a","jetpack_likes_enabled":true,"_links":{"self":[{"href":"http:\/\/acltf.org\/wordpressacltf\/wp-json\/wp\/v2\/pages\/72"}],"collection":[{"href":"http:\/\/acltf.org\/wordpressacltf\/wp-json\/wp\/v2\/pages"}],"about":[{"href":"http:\/\/acltf.org\/wordpressacltf\/wp-json\/wp\/v2\/types\/page"}],"author":[{"embeddable":true,"href":"http:\/\/acltf.org\/wordpressacltf\/wp-json\/wp\/v2\/users\/1"}],"replies":[{"embeddable":true,"href":"http:\/\/acltf.org\/wordpressacltf\/wp-json\/wp\/v2\/comments?post=72"}],"version-history":[{"count":2,"href":"http:\/\/acltf.org\/wordpressacltf\/wp-json\/wp\/v2\/pages\/72\/revisions"}],"predecessor-version":[{"id":95,"href":"http:\/\/acltf.org\/wordpressacltf\/wp-json\/wp\/v2\/pages\/72\/revisions\/95"}],"wp:attachment":[{"href":"http:\/\/acltf.org\/wordpressacltf\/wp-json\/wp\/v2\/media?parent=72"}],"curies":[{"name":"wp","href":"https:\/\/api.w.org\/{rel}","templated":true}]}}

Olvidé mi contraseña

<div class="um um-password um-um_password_id">
	<div class="um-form">
		<form method="post" action="">
			
				<input type="hidden" name="_um_password_reset" id="_um_password_reset" value="1" />

									<div class="um-field um-field-block um-field-type_block">
						<div class="um-field-block">
							<div style="text-align:center;">
								Para restablecer tu contraseña, por favor, introduce a continuación tu dirección de correo electrónico o nombre de usuario.							</div>
						</div>
					</div>
					<div  id="um_field_0_username_b" class="um-field um-field-text  um-field-username_b um-field-text um-field-type_text" data-key="username_b"><div class="um-field-area"><input  autocomplete="off" class="um-form-field valid " type="text" name="username_b" id="username_b" value="" placeholder="Introduce tu nombre de usuario o correo electrónico" data-validate="" data-key="username_b"  aria-invalid="false" />

						</div></div>				<div class="um-col-alt um-col-alt-b">
					<div class="um-center">
						<input type="submit" value="Restablecer contraseña" class="um-button" id="um-submit-btn" />
					</div>
					<div class="um-clear"></div>
				</div>
					<input type="hidden" name="form_id" id="form_id_um_password_id" value="um_password_id" />
		<p class="um_request_name">
		<label for="um_request_um_password_id">Only fill in if you are not human</label>
		<input type="hidden" name="um_request" id="um_request_um_password_id" class="input" value="" size="25" autocomplete="off" />
	</p>
			</form>
	</div>
</div>
<style>
			.um-um_password_id.um {
			max-width: 450px;
		}
		</style>

<!-- This site is optimized with the Yoast SEO plugin v21.8.1 - https://yoast.com/wordpress/plugins/seo/ -->
<title>Olvidé mi contraseña - Asociación Castellano Leonesa de Terapia Familiar</title>
<meta name="robots" content="index, follow, max-snippet:-1, max-image-preview:large, max-video-preview:-1" />
<link rel="canonical" href="https://acltf.org/wordpressacltf/password-reset/" />
<meta property="og:locale" content="es_ES" />
<meta property="og:type" content="article" />
<meta property="og:title" content="Olvidé mi contraseña - Asociación Castellano Leonesa de Terapia Familiar" />
<meta property="og:url" content="https://acltf.org/wordpressacltf/password-reset/" />
<meta property="og:site_name" content="Asociación Castellano Leonesa de Terapia Familiar" />
<meta property="article:publisher" content="https://www.facebook.com/pages/Asociaci%c3%b3n-Castellano-Leonesa-de-Terapia-Familiar/820904984647986?fref=ts" />
<meta property="article:modified_time" content="2015-05-27T20:38:33+00:00" />
<meta name="twitter:card" content="summary_large_image" />
<script type="application/ld+json" class="yoast-schema-graph">{"@context":"https://schema.org","@graph":[{"@type":"WebPage","@id":"https://acltf.org/wordpressacltf/password-reset/","url":"https://acltf.org/wordpressacltf/password-reset/","name":"Olvidé mi contraseña - Asociación Castellano Leonesa de Terapia Familiar","isPartOf":{"@id":"http://acltf.org/wordpressacltf/#website"},"datePublished":"2015-05-27T20:07:35+00:00","dateModified":"2015-05-27T20:38:33+00:00","breadcrumb":{"@id":"https://acltf.org/wordpressacltf/password-reset/#breadcrumb"},"inLanguage":"es","potentialAction":[{"@type":"ReadAction","target":["https://acltf.org/wordpressacltf/password-reset/"]}]},{"@type":"BreadcrumbList","@id":"https://acltf.org/wordpressacltf/password-reset/#breadcrumb","itemListElement":[{"@type":"ListItem","position":1,"name":"Portada","item":"http://acltf.org/wordpressacltf/"},{"@type":"ListItem","position":2,"name":"Olvidé mi contraseña"}]},{"@type":"WebSite","@id":"http://acltf.org/wordpressacltf/#website","url":"http://acltf.org/wordpressacltf/","name":"Asociación Castellano Leonesa de Terapia Familiar","description":"Asociación de Terapia Familiar","publisher":{"@id":"http://acltf.org/wordpressacltf/#organization"},"potentialAction":[{"@type":"SearchAction","target":{"@type":"EntryPoint","urlTemplate":"http://acltf.org/wordpressacltf/?s={search_term_string}"},"query-input":"required name=search_term_string"}],"inLanguage":"es"},{"@type":"Organization","@id":"http://acltf.org/wordpressacltf/#organization","name":"acltf","url":"http://acltf.org/wordpressacltf/","logo":{"@type":"ImageObject","inLanguage":"es","@id":"http://acltf.org/wordpressacltf/#/schema/logo/image/","url":"http://acltf.org/wordpressacltf/wp-content/uploads/2015/05/Logo250.png","contentUrl":"http://acltf.org/wordpressacltf/wp-content/uploads/2015/05/Logo250.png","width":250,"height":250,"caption":"acltf"},"image":{"@id":"http://acltf.org/wordpressacltf/#/schema/logo/image/"},"sameAs":["https://www.facebook.com/pages/Asociación-Castellano-Leonesa-de-Terapia-Familiar/820904984647986?fref=ts"]}]}</script>
<!-- / Yoast SEO plugin. -->

Olvidé mi contraseña - Asociación Castellano Leonesa de Terapia Familiar

Asociación Castellano Leonesa de Terapia Familiar

Asociación de Terapia Familiar

https://www.facebook.com/pages/Asociación-Castellano-Leonesa-de-Terapia-Familiar/820904984647986?fref=ts
